?
False
Is 358519 prime?
False
Is 124199 a prime number?
True
Is 5482 prime?
False
Is 53969 a composite number?
True
Is 2051 prime?
False
Is 133007 a prime number?
False
Is 41731 a composite number?
True
Is 4201 a composite number?
False
Is 1397791 composite?
True
Is 72613 prime?
True
Is 31169 composite?
True
Is 2394013 a prime number?
False
Is 25223 composite?
True
Is 754135 prime?
False
Is 1257437 a composite number?
False
Is 28759 a composite number?
False
Is 547879 a prime number?
False
Is 54709 a composite number?
False
Is 105073 a prime number?
False
Is 238281 a composite number?
True
Is 5357 a prime number?
False
Is 112649 composite?
True
Is 69427 composite?
False
Is 44053 a composite number?
False
Is 80611 prime?
True
Is 21557 a prime number?
True
Is 56569 a composite number?
False
Is 3571 prime?
True
Is 27155 a prime number?
False
Is 207902 a prime number?
False
Is 60251 a prime number?
True
Is 2709167 prime?
True
Is 6247 composite?
False
Is 93305 a prime number?
False
Is 91207 prime?
False
Is 54611 a composite number?
True
Is 34285 prime?
False
Is 6497 a composite number?
True
Is 588271 prime?
False
Is 745565 composite?
True
Is 7753 a composite number?
False
Is 3877 a prime number?
True
Is 95051 composite?
True
Is 105437 a prime number?
True
Is 2999 a composite number?
False
Is 291639 composite?
True
Is 30011 a composite number?
False
Is 17623 prime?
True
Is 378041 prime?
True
Is 18741 composite?
True
Is 2577 a composite number?
True
Is 146177 a prime number?
False
Is 410678 a prime number?
False
Is 205885 prime?
False
Is 5339 a composite number?
True
Is 10007 prime?
True
Is 23971 prime?
True
Is 36742 a composite number?
True
Is 47051 a prime number?
True
Is 173357 a composite number?
False
Is 18947 prime?
True
Is 3377 prime?
False
Is 27883 a prime number?
True
Is 251 a prime number?
True
Is 330707 prime?
False
Is 402923 a prime number?
True
Is 63997 a prime number?
True
Is 20279 composite?
True
Is 12437 prime?
True
Is 200153 a prime number?
True
Is 595687 composite?
False
Is 218663 prime?
False
Is 28505 composite?
True
Is 396667 a composite number?
False
Is 12655 a composite number?
True
Is 4397 prime?
True
Is 104441 a prime number?
False
Is 869 a prime number?
False
Is 9487 a composite number?
True
Is 66397 prime?
False
Is 38473 a composite number?
True
Is 44927 composite?
False
Is 5069 a prime number?
False
Is 158243 a composite number?
False
Is 406967 prime?
False
Is 1471843 a prime number?
False
Is 34331 prime?
False
Is 17378 prime?
False
Is 10063 prime?
False
Is 16495 a prime number?
False
Is 303349 a composite number?
True
Is 161999 composite?
False
Is 56999 a composite number?
False
Is 965677 prime?
True
Is 3162955 prime?
False
Is 994453 a prime number?
True
Is 4391 a prime number?
True
Is 697 a prime number?
False
Is 12661 prime?
False
Is 60143 a composite number?
True
Is 54445 prime?
False
Is 875579 a prime number?
True
Is 586 prime?
False
Is 102814 a prime number?
False
Is 8839 prime?
True
Is 640589 a composite number?
False
Is 211795 prime?
False
Is 26627 composite?
False
Is 248549 a composite number?
True
Is 2475773 a composite number?
False
Is 976211 a composite number?
False
Is 1753 prime?
True
Is 15971 composite?
False
Is 4127 composite?
False
Is 667631 a composite number?
False
Is 8259 a composite number?
True
Is 30337 a prime number?
False
Is 16439 a composite number?
True
Is 116133 prime?
False
Is 161629 composite?
True
Is 251551 composite?
True
Is 6619 prime?
True
Is 1593287 composite?
True
Is 20089 a composite number?
False
Is 1003 prime?
False
Is 171527 composite?
True
Is 197458 a prime number?
False
Is 2911 prime?
False
Is 27227 a prime number?
False
Is 235753 a prime number?
False
Is 8191 composite?
False
Is 7493 prime?
False
Is 5471 composite?
False
Is 4051 a composite number?
False
Is 28349 composite?
False
Is 36821 a composite number?
False
Is 28321 a composite number?
True
Is 1697915 composite?
True
Is 13027 composite?
True
Is 139 a composite number?
False
Is 197909 a prime number?
True
Is 468371 a composite number?
False
Is 10589 a prime number?
True
Is 100267 a prime number?
True
Is 70769 prime?
True
Is 72767 a prime number?
True
Is 73826 prime?
False
Is 30241 composite?
False
Is 37393 a composite number?
True
Is 50671 prime?
True
Is 51097 prime?
False
Is 123757 composite?
False
Is 19534 a composite number?
True
Is 1517 a prime number?
False
Is 1102889 a composite number?
True
Is 495791 a prime number?
True
Is 47189 a composite number?
False
Is 2194403 a composite number?
False
Is 1509 a composite number?
True
Is 47305 composite?
True
Is 109334 composite?
True
Is 93745 prime?
False
Is 58559 a composite number?
True
Is 332017 prime?
False
Is 2700367 a prime number?
True
Is 68633 a prime number?
True
Is 1345 a composite number?
True
Is 267321 a prime number?
False
Is 103749 a composite number?
True
Is 30367 prime?
True
Is 18805 composite?
True
Is 3371 a prime number?
True
Is 799 a composite number?
True
Is 116003 prime?
False
Is 70753 a composite number?
False
Is 633247 a prime number?
False
Is 108337 prime?
False
Is 4664521 prime?
True
Is 83117 composite?
False
Is 100931 prime?
True
Is 46439 composite?
False
Is 139807 prime?
False
Is 192971 composite?
False
Is 69199 a composite number?
True
Is 152413 a prime number?
False
Is 5647 a prime number?
True
Is 6947 a composite number?
False
Is 14813 a composite number?
False
Is 40979 a prime number?
False
Is 22587 prime?
False
Is 143207 prime?
False
Is 1777 composite?
False
Is 292679 a prime number?
True
Is 10901 composite?
True
Is 53561 prime?
False
Is 135667 prime?
False
Is 1499 a composite number?
False
Is 894589 composite?
False
Is 2026021 composite?
False
Is 203717 a composite number?
True
Is 101807 prime?
True
Is 20323 a composite number?
False
Is 10297 prime?
False
Is 14843 a prime number?
True
Is 287701 a prime number?
True
Is 303983 composite?
False
Is 4799 a composite number?
False
Is 186149 composite?
False
Is 38149 prime?
True
Is 159 a composite number?
True
Is 1777 prime?
True
Is 995783 prime?
True
Is 22343 a prime number?
True
Is 43402 prime?
False
Is 97663 prime?
False
Is 177673 composite?
True
Is 912099 a composite number?
True
Is 5911 prime?
False
Is 203 composite?
True
Is 27733 a prime number?
True
Is 137179 composite?
True
Is 4577 composite?
True
Is 24749 composite?
False
Is 17933 prime?
False
Is 395069 a prime number?
True
Is 27718 a composite number?
True
Is 321017 prime?
True
Is 107281 a prime number?
False
Is 1910713 prime?
False
Is 318629 prime?
True
Is 46533 composite?
True
Is 9239 composite?
False
Is 141682 a prime number?
False
Is 673679 a composite number?
True
Is 2071345 a prime number?
False
Is 44399 a composite number?
True
Is 497 a prime number?
False
Is 2606 a prime number?
False
Is 157787 a prime number?
False
Is 53545 a prime number?
False
Is 49309 composite?
True
Is 587 composite?
False
Is 264685 a prime number?
False
Is 17743 composite?
True
Is 2150714 prime?
False
Is 115819 a prime number?
False
Is 5381 a composite number?
False
Is 20663 composite?
False
Is 7985 prime?
False
Is 15611 a prime number?
False
Is 25837 a prime number?
False
Is 30449 composite?
False
Is 105607 a prime number?
True
Is 59227 a prime number?
False
Is 4853 a composite number?
True
Is 23719 composite?
False
Is 31139 a composite number?
False
Is 5519 prime?
True
Is 3433 a prime number?
True
Is 1039 prime?
True
Is 12827 a prime number?
False
Is 573733 a composite number?
True
Is 94409 a composite number?
True
Is 6893 a prime number?
False
Is 6635 composite?
True
Is 47739 a prime number?
False
Is 53399 a prime number?
False
Is 37279 prime?
False
Is 23143 prime?
True
Is 729569 a composite number?
False
Is 4201 a prime number?
True
Is 1721 a prime number?
True
Is 934417 a composite number?
True
Is 15353 a prime number?
False
Is 21701 a prime number?
True
Is 1189229 a prime number?
False
Is 13799 a composite number?
False
Is 15001 composite?
True
Is 21419 a composite number?
False
Is 153437 composite?
False
Is 281481 a prime number?
False
Is 2722 composite?
True
Is 86753 composite?
False
Is 719 a composite number?
False
Is 251 prime?
True
Is 993129 prime?
False
Is 137537 prime?
True
Is 98017 a prime number?
True
Is 15517 prime?
False
Is 127 prime?
True
